et i(m) = -m**3 - 5*m**2 + 50*m + 31. What is the units digit of i(-15)?
1
Let u be (1 - 1)/(0 + 2). Suppose u*q - 2*q - 282 = -3*v, -5*v + 470 = -2*q. Suppose 4*w - v = -10. What is the tens digit of w?
2
Let z(m) = m**2 - 4*m + 6. Let n be z(4). Suppose -n*d + d = -340. What is the units digit of d?
8
What is the thousands digit of (-12)/90 - ((-292019)/105 + -3)?
2
Suppose 0 = -u - 0*u - 3*a + 28, 34 = 3*u - a. Suppose u*s = 24*s - 1375. What is the units digit of s?
5
Suppose -45 = 6*o - 2901. What is the units digit of o?
6
Let u = 158 - 222. What is the units digit of 176/30 + u/(-480)?
6
Suppose -2 + 14 = 6*o. Let r(v) = 25*v**3 + 2*v**2 - v. What is the hundreds digit of r(o)?
2
Let o be 2 - (1 + 0 - 3). What is the tens digit of 209/4 + o/(-16)?
5
Let y be (-8)/(-2 + 0 + 0). Suppose -5*c = -2*n - 6, -n = -2*n + y*c - 9. Suppose -a = -3*h + 29, h + a - n = 2*a. What is the units digit of h?
1
Suppose -4*f + h + 0*h + 216 = 0, 0 = -f + 2*h + 61. Suppose 2*g + 3*r = 112, -g = 3*r + 3 - f. What is the tens digit of g?
6
Let y = 63 - 126. Let l = -14 - y. What is the tens digit of l?
4
Suppose 0 = -3*l + 6, -86 = -2*x - 0*x - 5*l. Suppose -4*s - 2*a + x = 8, -4*a = 2*s. What is the units digit of s?
0
Suppose 3*s - 3*b + 45 = 0, 0 = -4*s + 5*b - 70 + 10. Let h = 54 + -138. What is the tens digit of (h/(-10))/((-6)/s)?
2
Suppose -5*i - 6 = -1, 2*k - 3 = -5*i. Suppose -l - l = -498. What is the units digit of l/9 + k/12?
8
What is the hundreds digit of (364/3 - -1)/(22/66)?
3
Let c(r) = 2*r**2 - 8*r + 6. Let y be (-12)/9*(-3 - 3)/1. What is the tens digit of c(y)?
7
Let k = -434 + 1839. What is the units digit of k?
5
Let j be (-8 - -20)/(1*2) + -3. What is the units digit of 28/(-6)*(-1 + j/(-6))?
7
Let v(u) = -13*u - 5*u**2 - u**3 + 1 - 4*u**2 - u**2 - 13. Let h be -18*(-3)/(30/(-5)). What is the tens digit of v(h)?
2
Let a(c) = -148*c + 16. What is the hundreds digit of a(-2)?
3
Let k(n) be the third derivative of 19*n**4/24 + 3*n**2. Let m = -82 - -83. What is the units digit of k(m)?
9
Let a(k) = 201*k - 11. Let o(t) = 67*t - 4. Let f(c) = 6*a(c) - 17*o(c). Let u be f(2). What is the units digit of 2/7 + u/14?
0
Let n(t) = t + 6. Let i be n(6). Suppose i = s - 4*f, 5*s - 3*s - 2*f = 6. Suppose -4*y + 5*m + 82 = 0, 2*y + y + 3*m - 48 = s. What is the tens digit of y?
1
Suppose -4*j = -j - 18. Suppose 5*i - 3*r = -5*r + 37, 3*r = -2*i + j. What is the units digit of i?
9
Suppose 0*f = -7*f + 9562. What is the units digit of f?
6
Let c(r) = -r - 20. Let j be c(9). Let a = 14 - j. What is the units digit of a?
3
Let x(i) = -47*i - 67. What is the tens digit of x(-15)?
3
Suppose 5*l - 70 = h - 0*h, 0 = -3*l - 3*h + 24. Let c = l + -6. Suppose -f - o = -c, -3*f = 3*o + 2*o - 21. What is the units digit of f?
7
Let z(h) = 11*h - 32. What is the tens digit of z(8)?
5
Suppose -5*a - 32 = -4*c, -8 - 9 = -3*c + 2*a. Suppose 0 = 5*n - c*n - 220. What is the hundreds digit of n?
1
Let j = -1008 - -1778. What is the hundreds digit of j?
7
Suppose 74 = 18*a - 52. Suppose 3*i = i + 8. Suppose 0 = -f - i + a. What is the units digit of f?
3
Let c be 1*((-5)/(-5) + 13). Let d = c + 4. What is the tens digit of d?
1
Let r be 1/2 - 90/(-20). Suppose 0 = -4*y + 2*y + 4. Suppose -14 = y*g + r*d, -4*g = d + d - 4. What is the units digit of g?
3
Let u(h) = 68*h**2 + 13*h - 2. What is the units digit of u(3)?
9
Let s = 0 + 2. Suppose 4*i - s*q = 250, -2 + 8 = -2*q. Let x = i + -25. What is the tens digit of x?
3
What is the thousands digit of (-52 - -1157)*(-28)/(-10)?
3
Let r = -32 - -17. Let m(b) = b**2 + 18*b + 16. Let j be m(r). Let w = 34 + j. What is the units digit of w?
5
Suppose 18*t - 51669 = 30393. What is the thousands digit of t?
4
Let v(t) = -142*t + 4. What is the units digit of v(-4)?
2
Let q(b) = -3*b**2 + 23*b + 13. Let c(a) = 2*a**2 - 11*a - 7. Let x(i) = -7*c(i) - 4*q(i). What is the units digit of x(-7)?
4
Let l be (3 + -3)/3 - -4. Suppose l*k - 5 + 1 = 0. What is the units digit of (k/(-3))/(18/(-1026))?
9
Let t = 125 - 69. What is the tens digit of ((-196)/t)/((-2)/24)?
4
Suppose 5*x - z - 23 = 0, -5*x + x + 10 = -5*z. Suppose -4 = -5*m + 2*s, -m - m + 19 = x*s. Suppose -9*i + 301 = -m*i. What is the tens digit of i?
4
Let y(p) = -2*p + 2. Let i be y(0). Suppose -4*b + 5*h + 455 = 0, -5*b - i*h + 553 = -3*h. What is the units digit of b?
0
Let g be 36/(-15)*210/9. Let s be (-33)/(-7) + (-16)/g. What is the units digit of 0/(s + -3) + 9?
9
Let u be (1 - 8/6) + (-210)/(-63). Suppose z - 61 = -r, -4*r = -5*z - u*r + 329. What is the units digit of z?
5
Let o(a) = 3*a**3 + 10*a**2 - 9*a + 5. Let z(b) = -b**3 - b - 1. Let h(y) = o(y) + 2*z(y). Let m be h(-11). Suppose 4*p - 20 = m*p. What is the tens digit of p?
2
Let o = -605 - -1067. What is the hundreds digit of o?
4
Let v be (-1)/(1*(-2)/4). Suppose -v*c = c. What is the units digit of c + (-1)/(-2)*8?
4
Let m = 149 + -106. Let p = 84 - m. What is the units digit of p?
1
Let s(p) = 37*p + 19. Let k be (-14)/10*(-2 + 7). Let z be s(k). What is the units digit of (-73)/(-15) - 32/z?
5
Let j = -127 + 235. What is the units digit of j?
8
Suppose 3*j - 3*x = -48, 4*x + 76 = -4*j + 2*x. Let i be j + -1 + 1 + 3. Let s = i - -39. What is the units digit of s?
4
Let u(w) = 3697*w**2 + 19*w - 18. What is the units digit of u(1)?
8
Let a = 171 + -43. What is the hundreds digit of a?
1
Let w(p) = 5*p + 8. Let n be w(12). Let g = n + -14. What is the units digit of g?
4
Let f(l) = 249*l**2 + 20*l + 76. What is the hundreds digit of f(-3)?
2
Let a = -9 - -9. Suppose a = -i - i + 108. Suppose 3*t - 111 - i = 0. What is the tens digit of t?
5
Suppose -179642 + 46192 = -50*k. What is the thousands digit of k?
2
Suppose 4 = -d, 5*x + d - 5180 = 6*d. What is the tens digit of (-3)/(4/(x/(-9)))?
8
Let l(k) = k**3 + 20*k**2 - 23*k + 4. Let m be l(-21). Let t = -12 + -7. Let q = t + m. What is the tens digit of q?
2
Let s be -4*(-21)/(-6)*-2. Let f = -21 - -43. Let x = s - f. What is the units digit of x?
6
Let a(k) = -k**3 + 9*k**2 - 8*k + 4. Let n be a(8). Let c(j) = -7 - n + 2 - 6*j. What is the tens digit of c(-6)?
2
Let z(i) = 174*i**2 - 36*i - 116. What is the thousands digit of z(-3)?
1
Let t = 99 + -116. Let k = 164 - t. What is the tens digit of k?
8
What is the units digit of 3646/(18/6 - 1)?
3
Suppose -2*l + 2*j + 554 = 0, 2*l + j = 4*j + 556. What is the tens digit of l?
7
Suppose -5*u + 1 = -24. Suppose -u*q - 5*g + 5 = 0, -4*q - 3*g = 2*g. Suppose 4*k + 2 - 206 = -4*c, -5 = q*c. What is the tens digit of k?
5
Suppose -4 = -g + 11. Let n(s) = 0 - 2 + 12*s - g*s. What is the tens digit of n(-4)?
1
What is the tens digit of 2*-1 + 6516/9?
2
Let h(x) be the first derivative of 1 + 7/2*x**2 + 3*x. What is the units digit of h(3)?
4
Suppose 0*r + g = 5*r - 14, 3*r - 5*g = 4. What is the units digit of (2 - r)/(-2)*(11 + -7)?
2
Let j be (4/2)/(0 + (-4)/(-10)). Suppose -30 = -j*m - 3*o + 1, -o = 5*m - 37. What is the units digit of m?
8
Let d(i) = 12 + 4*i - 8*i - 5*i + 45. What is the units digit of d(6)?
3
Let s(g) = -115*g**3 + g**2 - g - 1. What is the tens digit of s(-2)?
2
Let c = -2 + 45. Suppose 4*y + c = 127. Suppose 5*t - y = 4. What is the units digit of t?
5
Let r(d) = 31*d - 9. Let z(t) = 16*t - 5. Let n(u) = -4*r(u) + 7*z(u). What is the units digit of n(-2)?
5
Let l(h) = -423*h - 303. What is the tens digit of l(-9)?
0
Suppose 3*j + 8 = 7*j. Suppose -3*a - 3*h + 18 = -42, a + j*h = 17. Suppose -a - 13 = -4*n. What is the units digit of n?
9
Suppose -4*j + 4*d - 6960 = -8*j, j + 5*d = 1748. What is the tens digit of j?
3
Let s(j) be the first derivative of 1/3*j**3 - j**2 - 3 + j + 1/4*j**4. What is the units digit of s(1)?
1
Let p = -153 - -157. Suppose 0*h + 28 = 4*h. Let t = h - p. What is the units digit of t?
3
Let m be ((-16)/(-20))/((-1)/(-5)). Suppose -4*n - n = l + 195, 0 = m*n + 4*l + 140. What is the units digit of (-2 - -47)*n/(-24)?
5
Let q be (7 - 3 - 8) + -4. Let i be 20/q*(-6)/15. What is the units digit of i/(-2)*(-4 - -2)?
1
Let s(j) = -j - 8. Let c be s(-11). Suppose -4*n - 115 - 89 = -5*r, 0 = 4*r - c*n - 164. What is the tens digit of r?
4
Let f = 7 + -11. Let m(h) = 15*h - 4*h + 7 + 0*h - 6*h - 10*h. What is the tens digit of m(f)?
2
Let r = 52 + -44. What is the 